{"id":1596,"date":"2021-06-23T11:49:10","date_gmt":"2021-06-23T11:49:10","guid":{"rendered":"https:\/\/ekolaluminyum.com.tr\/?post_type=product&#038;p=1596"},"modified":"2021-06-23T11:49:10","modified_gmt":"2021-06-23T11:49:10","slug":"2692-92c-ayarli-duvar-kuresi-ufo","status":"publish","type":"product","link":"https:\/\/ekolaluminyum.com.tr\/index.php\/product\/2692-92c-ayarli-duvar-kuresi-ufo\/","title":{"rendered":"2692-92C- AYARLI DUVAR K\u00dcRES\u0130 (UFO)"},"content":{"rendered":"<p>2692- 50&#8217;L\u0130K AYARLI DUVAR K\u00dcRES\u0130 (UFO)<\/p>\n<p>2692- B 40&#8217;LIK AYARLI DUVAR K\u00dcRES\u0130 (UFO)<\/p>\n<p>2692-C 35&#8217;L\u0130K AYARLI DUVAR K\u00dcRES\u0130 (UFO)<\/p>\n","protected":false},"excerpt":{"rendered":"<p>2692- 50&#8217;L\u0130K AYARLI DUVAR K\u00dcRES\u0130 (UFO) 2692- B 40&#8217;LIK AYARLI DUVAR &#8230; <\/p>\n","protected":false},"featured_media":1598,"template":"","meta":[],"product_brand":[],"product_cat":[15],"product_tag":[],"class_list":{"0":"post-1596","1":"product","2":"type-product","3":"status-publish","4":"has-post-thumbnail","6":"product_cat-genel","8":"first","9":"instock","10":"shipping-taxable","11":"product-type-simple"},"_links":{"self":[{"href":"https:\/\/ekolaluminyum.com.tr\/index.php\/wp-json\/wp\/v2\/product\/1596","targetHints":{"allow":["GET"]}}],"collection":[{"href":"https:\/\/ekolaluminyum.com.tr\/index.php\/wp-json\/wp\/v2\/product"}],"about":[{"href":"https:\/\/ekolaluminyum.com.tr\/index.php\/wp-json\/wp\/v2\/types\/product"}],"wp:featuredmedia":[{"embeddable":true,"href":"https:\/\/ekolaluminyum.com.tr\/index.php\/wp-json\/wp\/v2\/media\/1598"}],"wp:attachment":[{"href":"https:\/\/ekolaluminyum.com.tr\/index.php\/wp-json\/wp\/v2\/media?parent=1596"}],"wp:term":[{"taxonomy":"product_brand","embeddable":true,"href":"https:\/\/ekolaluminyum.com.tr\/index.php\/wp-json\/wp\/v2\/product_brand?post=1596"},{"taxonomy":"product_cat","embeddable":true,"href":"https:\/\/ekolaluminyum.com.tr\/index.php\/wp-json\/wp\/v2\/product_cat?post=1596"},{"taxonomy":"product_tag","embeddable":true,"href":"https:\/\/ekolaluminyum.com.tr\/index.php\/wp-json\/wp\/v2\/product_tag?post=1596"}],"curies":[{"name":"wp","href":"https:\/\/api.w.org\/{rel}","templated":true}]}}