{"id":2041,"date":"2021-06-24T15:00:20","date_gmt":"2021-06-24T15:00:20","guid":{"rendered":"https:\/\/ekolaluminyum.com.tr\/?post_type=product&#038;p=2041"},"modified":"2021-06-24T15:00:20","modified_gmt":"2021-06-24T15:00:20","slug":"5990-95-kare-hareketli-mafsalli-dirsek","status":"publish","type":"product","link":"https:\/\/ekolaluminyum.com.tr\/index.php\/product\/5990-95-kare-hareketli-mafsalli-dirsek\/","title":{"rendered":"5990-95- KARE HAREKETL\u0130 MAFSALLI D\u0130RSEK"},"content":{"rendered":"","protected":false},"excerpt":{"rendered":"<p>5990-25X60 HAREKETL\u0130 MAFSALLI D\u0130RSEK<\/p>\n<p>5995-30X80 HAREKETL\u0130 MAFSALLI D\u0130RSEK &#8230; <\/p>\n","protected":false},"featured_media":2043,"template":"","meta":[],"product_brand":[],"product_cat":[91],"product_tag":[],"class_list":{"0":"post-2041","1":"product","2":"type-product","3":"status-publish","4":"has-post-thumbnail","6":"product_cat-kare-sistem-korkuluk-aksesuari","8":"first","9":"instock","10":"shipping-taxable","11":"product-type-simple"},"_links":{"self":[{"href":"https:\/\/ekolaluminyum.com.tr\/index.php\/wp-json\/wp\/v2\/product\/2041","targetHints":{"allow":["GET"]}}],"collection":[{"href":"https:\/\/ekolaluminyum.com.tr\/index.php\/wp-json\/wp\/v2\/product"}],"about":[{"href":"https:\/\/ekolaluminyum.com.tr\/index.php\/wp-json\/wp\/v2\/types\/product"}],"wp:featuredmedia":[{"embeddable":true,"href":"https:\/\/ekolaluminyum.com.tr\/index.php\/wp-json\/wp\/v2\/media\/2043"}],"wp:attachment":[{"href":"https:\/\/ekolaluminyum.com.tr\/index.php\/wp-json\/wp\/v2\/media?parent=2041"}],"wp:term":[{"taxonomy":"product_brand","embeddable":true,"href":"https:\/\/ekolaluminyum.com.tr\/index.php\/wp-json\/wp\/v2\/product_brand?post=2041"},{"taxonomy":"product_cat","embeddable":true,"href":"https:\/\/ekolaluminyum.com.tr\/index.php\/wp-json\/wp\/v2\/product_cat?post=2041"},{"taxonomy":"product_tag","embeddable":true,"href":"https:\/\/ekolaluminyum.com.tr\/index.php\/wp-json\/wp\/v2\/product_tag?post=2041"}],"curies":[{"name":"wp","href":"https:\/\/api.w.org\/{rel}","templated":true}]}}