{"id":2356,"date":"2021-06-28T08:48:10","date_gmt":"2021-06-28T08:48:10","guid":{"rendered":"https:\/\/ekolaluminyum.com.tr\/?post_type=product&#038;p=2356"},"modified":"2021-06-28T08:50:16","modified_gmt":"2021-06-28T08:50:16","slug":"2015-a-b-tekli-ayarli-rulman-aluminyum-govde","status":"publish","type":"product","link":"https:\/\/ekolaluminyum.com.tr\/index.php\/product\/2015-a-b-tekli-ayarli-rulman-aluminyum-govde\/","title":{"rendered":"2015-A-B- TEKL\u0130 AYARLI RULMAN (AL\u00dcM\u0130NYUM G\u00d6VDE)"},"content":{"rendered":"","protected":false},"excerpt":{"rendered":"<p>2015-A TEKL\u0130 AYARLI PLAST\u0130K RULMAN (AL\u00dcM\u0130NYUM G\u00d6VDE)<\/p>\n<p>2015-B TEKL\u0130 AYARLI SARI RULMAN &#8230; <\/p>\n","protected":false},"featured_media":2358,"template":"","meta":[],"product_brand":[],"product_cat":[89],"product_tag":[],"class_list":{"0":"post-2356","1":"product","2":"type-product","3":"status-publish","4":"has-post-thumbnail","6":"product_cat-aluminyum-surme-ve-rulman-grubu","8":"first","9":"instock","10":"shipping-taxable","11":"product-type-simple"},"_links":{"self":[{"href":"https:\/\/ekolaluminyum.com.tr\/index.php\/wp-json\/wp\/v2\/product\/2356","targetHints":{"allow":["GET"]}}],"collection":[{"href":"https:\/\/ekolaluminyum.com.tr\/index.php\/wp-json\/wp\/v2\/product"}],"about":[{"href":"https:\/\/ekolaluminyum.com.tr\/index.php\/wp-json\/wp\/v2\/types\/product"}],"wp:featuredmedia":[{"embeddable":true,"href":"https:\/\/ekolaluminyum.com.tr\/index.php\/wp-json\/wp\/v2\/media\/2358"}],"wp:attachment":[{"href":"https:\/\/ekolaluminyum.com.tr\/index.php\/wp-json\/wp\/v2\/media?parent=2356"}],"wp:term":[{"taxonomy":"product_brand","embeddable":true,"href":"https:\/\/ekolaluminyum.com.tr\/index.php\/wp-json\/wp\/v2\/product_brand?post=2356"},{"taxonomy":"product_cat","embeddable":true,"href":"https:\/\/ekolaluminyum.com.tr\/index.php\/wp-json\/wp\/v2\/product_cat?post=2356"},{"taxonomy":"product_tag","embeddable":true,"href":"https:\/\/ekolaluminyum.com.tr\/index.php\/wp-json\/wp\/v2\/product_tag?post=2356"}],"curies":[{"name":"wp","href":"https:\/\/api.w.org\/{rel}","templated":true}]}}