{"id":3130,"date":"2025-06-25T10:43:54","date_gmt":"2025-06-25T10:43:54","guid":{"rendered":"https:\/\/ekolaluminyum.com.tr\/index.php\/product\/1427-ms-ahsap-gizli-kapi-kanat-cercevesi\/"},"modified":"2025-06-25T10:43:54","modified_gmt":"2025-06-25T10:43:54","slug":"1427-ms-ahsap-gizli-kapi-kanat-cercevesi","status":"publish","type":"product","link":"https:\/\/ekolaluminyum.com.tr\/index.php\/product\/1427-ms-ahsap-gizli-kapi-kanat-cercevesi\/","title":{"rendered":"1427-MS AH\u015eAP G\u0130ZL\u0130 KAPI KANAT \u00c7ER\u00c7EVES\u0130"},"content":{"rendered":"<p>62.5X21 1.3 MM<\/p>\n","protected":false},"excerpt":{"rendered":"<p>0,298 kg\/m &#8230; <\/p>\n","protected":false},"featured_media":3129,"template":"","meta":[],"product_brand":[],"product_cat":[162],"product_tag":[],"class_list":{"0":"post-3130","1":"product","2":"type-product","3":"status-publish","4":"has-post-thumbnail","6":"product_cat-ayarlanabilir-kapi-kasa-profilleri-2","8":"first","9":"instock","10":"shipping-taxable","11":"purchasable","12":"product-type-simple"},"_links":{"self":[{"href":"https:\/\/ekolaluminyum.com.tr\/index.php\/wp-json\/wp\/v2\/product\/3130","targetHints":{"allow":["GET"]}}],"collection":[{"href":"https:\/\/ekolaluminyum.com.tr\/index.php\/wp-json\/wp\/v2\/product"}],"about":[{"href":"https:\/\/ekolaluminyum.com.tr\/index.php\/wp-json\/wp\/v2\/types\/product"}],"wp:featuredmedia":[{"embeddable":true,"href":"https:\/\/ekolaluminyum.com.tr\/index.php\/wp-json\/wp\/v2\/media\/3129"}],"wp:attachment":[{"href":"https:\/\/ekolaluminyum.com.tr\/index.php\/wp-json\/wp\/v2\/media?parent=3130"}],"wp:term":[{"taxonomy":"product_brand","embeddable":true,"href":"https:\/\/ekolaluminyum.com.tr\/index.php\/wp-json\/wp\/v2\/product_brand?post=3130"},{"taxonomy":"product_cat","embeddable":true,"href":"https:\/\/ekolaluminyum.com.tr\/index.php\/wp-json\/wp\/v2\/product_cat?post=3130"},{"taxonomy":"product_tag","embeddable":true,"href":"https:\/\/ekolaluminyum.com.tr\/index.php\/wp-json\/wp\/v2\/product_tag?post=3130"}],"curies":[{"name":"wp","href":"https:\/\/api.w.org\/{rel}","templated":true}]}}